98, k - h = -5*d. What are the prime factors of k?
2, 19
Suppose -5*y + 21 = -2*j, -j = -3*y + 20 - 8. Suppose -x = -3*m + 134 - 7, 12 = -y*x. What are the prime factors of m?
41
Suppose 2*v = 8 + 2, -5*x - 4*v + 30 = 0. Suppose 6 = o - x. Let q(g) = g**3 - 7*g**2 - 7*g + 11. What are the prime factors of q(o)?
19
Let c(w) = 148*w - 242. List the prime factors of c(10).
2, 619
Suppose -q - 120 = 4*q. Let b(x) = -x**3 + 4*x**2 - x - 4. Let r be b(3). What are the prime factors of 6/r*(-56)/q?
7
Let o = 394 + 200. List the prime factors of o.
2, 3, 11
Let x = -27 + -39. Let u = x + 143. List the prime factors of u.
7, 11
Let c be (1 - 17) + -1*3. Let v = 24 + c. Suppose -5*t + 2*l - 58 + 192 = 0, 122 = v*t + 4*l. What are the prime factors of t?
2, 13
Suppose -5*z - 10 = -0*z - 4*k, -2*k = -3*z - 4. What are the prime factors of 54 - 8*(-1)/z?
2, 29
Let v be (-1 - -2) + (-8 - 0). Let l(f) be the second derivative of -f**4/12 - 11*f**3/6 - f**2/2 + 37*f. What are the prime factors of l(v)?
3
Let u(x) = x**3 - 2*x**2 + 2. Let v be u(-3). Let y = v - -29. What are the prime factors of y/(-1) + 1/1?
3, 5
Suppose d - 3*t + 8*t - 7 = 0, -28 = -2*d + 4*t. Let a = d - -39. What are the prime factors of a?
3, 17
Let k(z) = z**2 + 10*z + 1. Let r be k(5). Suppose -i = -4*g + 196, -3*g - 5*i = -r - 71. List the prime factors of g.
7
List the prime factors of -7 - (-2721 + (-33)/(-3)).
3, 17, 53
Suppose 2*a = -4*y + 24, 2*a - 14 = 4*y + 50. Let l be (-2)/(20/(-22)) - (-52)/65. Suppose -3*q + a = l*g - 4*q, 0 = q - 2. List the prime factors of g.
2
Let l(r) = -r. Let j(w) = 6*w + 40. Let b(x) = -j(x) + 5*l(x). What are the prime factors of b(-18)?
2, 79
Suppose -11*j + 23*j = 10524. List the prime factors of j.
877
Let r = -2 + 6. Suppose 32*m = 2097 + 1871. Suppose 36 + m = r*t. List the prime factors of t.
2, 5
Let k be (0 - -2) + 3/1. Suppose r + 2*w = 36, -5*r + k*w = -113 - 37. Suppose 0 = q - c - 1 - 23, -q + 5*c = -r. What are the prime factors of q?
2, 11
Let y = 52 - 19. Let q = -22 + 26. Suppose y = 7*d - q*d. What are the prime factors of d?
11
Suppose 3*q + 174 = 2*a, 5*q + 83 - 10 = a. List the prime factors of a.
3, 31
Suppose -2 - 2 = -p. Suppose -p*g + 215 = 3*v, -v + g + 8 = -66. List the prime factors of v.
73
List the prime factors of (-52504)/(-68) - (264/(-68) - -4).
2, 193
Let h(a) = -a + 17*a**2 + 45 - 92 + a**3 + 51. List the prime factors of h(-17).
3, 7
Suppose 0 = -3*f - 5*n - 1, -9*n - 30 = -5*f - 11*n. Suppose -f*x + 3113 = 3*x. List the prime factors of x.
283
Suppose -4*p + 1010 - 286 = 0. Let o = p + -104. What are the prime factors of o?
7, 11
Suppose 3*q = 2*f - 20, -4 = -4*f - 2*q - q. Suppose 2*c - 3*r + 739 = -f*r, r = -3. List the prime factors of ((-2)/4)/(8/c).
23
Let y = -8 + 5. Let w be (0 - (y + -3)) + -3. List the prime factors of (-3)/27*w*-36.
2, 3
Suppose 0 = -s - 5*n + 433, -s - 3*n = -4*n - 463. List the prime factors of s.
2, 229
List the prime factors of ((-9)/(-6) + -4)/((-4)/1480).
5, 37
Let g = -2902 + 3595. List the prime factors of g.
3, 7, 11
Let s = -110 + 214. List the prime factors of s.
2, 13
Suppose -4*h = g - 749, -5*g - 3*h + 3805 = 2*h. What are the prime factors of g?
3, 5, 17
Let p(r) = 19*r - 20. Let c be p(8). Suppose 0 = 4*l - 2*g - 132, 0 = -5*l + l - 3*g + c. Suppose -1 = -2*t + l. What are the prime factors of t?
17
Let z = -136 - -140. Suppose 5*o - 93 = -2*m + 196, -5*m + z*o + 772 = 0. List the prime factors of m.
2, 19
Let o = -146 + 347. List the prime factors of o.
3, 67
Let t = 70 + -67. What are the prime factors of (44/(-6))/(((-24)/t)/168)?
2, 7, 11
Let u(h) = 239*h**2 + 8*h - 15. List the prime factors of u(4).
23, 167
Suppose -q = 3*s + 2*s - 89, 3*s = -4*q + 50. Let y = s + 55. What are the prime factors of y?
73
Let c(j) = -3 - 3*j**3 + 5 + 3*j - 2*j**3 - 45*j**3. What are the prime factors of c(-1)?
7
Let i(s) = 2*s**3 + 10*s**2 - 12*s - 2. Let r be i(-6). Let a be (-8 - -6)*49/r. Suppose 0 = -3*f + a + 5. What are the prime factors of f?
2, 3
Let p be ((-42)/(-4))/(6/36). Let s = p - 7. What are the prime factors of s?
2, 7
Suppose 8 - 62 = -3*c. Suppose 6*d - 3*d - c = 0. Suppose 0*v - d = 2*f + 4*v, f + 4*v + 9 = 0. List the prime factors of f.
3
Let t = -1425 + 3214. What are the prime factors of t?
1789
Suppose -j - 22*j + 23575 = 0. List the prime factors of j.
5, 41
Let b = 795 + -419. List the prime factors of b.
2, 47
Let g(n) = -2*n**2 - 20*n - 11. Let s be g(-13). Let v = -16 - s. List the prime factors of v.
73
Suppose -5*g - 5 = 5*w, -w + 0*w - 3 = 2*g. Let z be -4 + 6*g/(-4). List the prime factors of 43*z*(4 + -5).
43
Let y(m) = 7*m**2 + 2*m + 2. Let c(b) = b**2 - 7*b - 10. Let q be c(8). List the prime factors of y(q).
2, 13
Let r = -4313 + 7348. List the prime factors of r.
5, 607
List the prime factors of 0 + (-14)/(-21) - (-3148)/3.
2, 3, 5, 7
Suppose p - 5*v - 13 = 73, -2*v - 156 = -2*p. List the prime factors of p.
2, 19
Let c = -152 + 378. What are the prime factors of c?
2, 113
Suppose -3*u = -2*z - z - 18, -4*z - 6 = 5*u. Suppose -6*t = -103 - 35. Suppose -4*v + t = k, -u*v - 20 = -5*v + 2*k. List the prime factors of v.
2, 3
Let j(y) = 26*y**3 - y. Let k be 6/10 + 6/15. What are the prime factors of j(k)?
5
Suppose -2*o + 3619 = 2*d - 5*o, -d + 1809 = -o. List the prime factors of (-3)/((-4)/(d/6)).
2, 113
Suppose 2*l - 3 = -11. List the prime factors of (-2)/(l/(-12)*-2).
3
Let a(g) = -g**3 - 4*g**2 - g. Let u be a(-4). Suppose 0 = -7*d + u*d + 18. List the prime factors of ((-14)/(-4))/(3/d).
7
Suppose z - 5*z = 4*g, 2*g - 12 = 2*z. Suppose -g = -6*f + 27. Suppose 9*t - 220 = 4*t + f*x, 132 = 3*t - x. What are the prime factors of t?
2, 11
Let d = -17 - -22. Suppose d*m - 413 = -3*j, 5*j = m + 474 + 177. What are the prime factors of j?
131
Suppose -8*s = -2552 - 944. Let l = s - 240. List the prime factors of l.
197
Let q(w) = -7*w - 1. Suppose 5 = 2*h - 7*h. Let p be q(h). Suppose -38 = -p*c - 2. List the prime factors of c.
2, 3
Suppose -2553 = -4*h - 5*d, -2*d = d - 3. List the prime factors of h.
7, 13
Let s = 22 + 32. Suppose 2*u = 4*h + s, 0*u + 5*u + h = 179. List the prime factors of u.
5, 7
Let m = 171 + 1397. List the prime factors of m.
2, 7
Let p = -1775 + 3713. List the prime factors of p.
2, 3, 17, 19
Suppose -11*s = -5*s - 4032. Suppose 3*c = -4*d - c + s, 0 = -c - 2. What are the prime factors of d?
2, 5, 17
Suppose -3*n + 18 = 4*v, -3*n = -v + 4*v - 15. Let x be 4*((-1)/n)/(-1). Suppose s = 5*k + 8 - 37, x*k = 2*s + 10. What are the prime factors of k?
2, 3
Let i(k) be the third derivative of -k**6/120 - k**5/15 - k**4/12 - 3*k**3/2 - 3*k**2. List the prime factors of i(-6).
3, 5
Let l(v) = -v**3 - 6*v**2 + 14*v - 12. Let s be l(-8). Suppose s*q - 742 = -278. What are the prime factors of q?
2, 29
Let r(s) be the second derivative of 3*s**3/2 - 3*s**2 - 6*s. What are the prime factors of r(5)?
3, 13
Suppose v - 3*z - 180 = 213, 5*v - 3*z - 1941 = 0. What are the prime factors of v?
3, 43
Let r(j) = -1. Let i(w) = 5*w + 5. Let u(m) = -i(m) - 2*r(m). Let z be u(-2). Suppose -3*v + 17 = -5*g, 4*v - 5*g = z + 19. What are the prime factors of v?
3
Let u = 354 + 257. What are the prime factors of u?
13, 47
What are the prime factors of (-8)/(-16) + 3687*6/36?
3, 5, 41
Let l be (-119)/(-28) + 1/(-4). Let t be 66/(-2 + l) + 4. Suppose 0 = 2*h - 43 - t. List the prime factors of h.
2, 5
Let y be 20 - 20 - -2*1. What are the prime factors of (-66)/(-14) - y/(-21)*3?
5
Let a = -28 + 30. Suppose 0 = -a*f + 16 - 88. Let j = f + 89. What are the prime factors of j?
53
Let h(s) = 217*s + 65. List the prime factors of h(6).
1367
Suppose 0 = -w + i - 4, i - 20 = -4*w - 4*i. Let k be w*(-2)/4 - -3. Suppose -k*j + 80 = -2*l, -l - 34 + 7 = -j. List the prime factors of j.
2, 13
Suppose -h + 3688 = 2*b + 1365, 4649 = 4*b + 3*h. What are the prime factors of b?
2, 5, 29
Let y = 53 - -247. What are the prime factors of y?
2, 3, 5
Suppose 0*u + 2*u + 53 = x, -4*x = 4*u - 272. What are the prime factors of (-2586)/x*-3 + 1/(-7)?
3, 41
Suppose -u + 12*u - 5071 = 0. List the prime factors of u.
461
Suppose 3*i - 4*a - 680 = -97, 2*i + a = 374. What are the prime factors of i?
3, 7
Let k = 2581 - -2563. List the prime factors of k.
2, 643
Let h = 23